0?
4073
49a3 (base 15) to base 8
36476
What is -13200 (base 4) in base 10?
-480
Convert -39 (base 12) to base 14.
-33
What is 1010111 (base 4) in base 14?
1845
What is 31254 (base 7) in base 6?
55323
100102100 (base 3) to base 5
204432
1597 (base 15) to base 8
11042
What is 234434 (base 6) in base 14?
7662
What is -12663 (base 10) in base 7?
-51630
5559 (base 10) to base 13
26b8
What is 372 (base 11) in base 8?
672
-35133 (base 10) to base 8
-104475
Convert 101111001 (base 2) to base 7.
1046
10011011111101 (base 2) to base 14
38cd
141241 (base 5) to base 12
3451
-20112 (base 3) to base 10
-176
Convert 1010100111 (base 2) to base 6.
3051
Convert 172 (base 15) to base 8.
514
-110000101101 (base 2) to base 16
-c2d
-2ca (base 14) to base 9
-703
-1806 (base 11) to base 3
-10011101
Convert -38207 (base 9) to base 11.
-1832a
Convert -30b3 (base 15) to base 13.
-48ba
Convert 1342 (base 9) to base 8.
1762
What is 3c6 (base 16) in base 8?
1706
What is 4255 (base 6) in base 10?
971
What is 1100001 (base 2) in base 4?
1201
Convert -2bc5 (base 13) to base 9.
-8716
1054 (base 9) to base 14
3d8
What is -20001 (base 3) in base 9?
-201
Convert -100010000 (base 2) to base 10.
-272
Convert 131 (base 10) to base 11.
10a
What is -45064 (base 8) in base 10?
-18996
What is -7be (base 16) in base 15?
-8c2
What is -bc4 (base 15) in base 8?
-5143
-110011 (base 4) to base 15
-5aa
What is 13623 (base 10) in base 16?
3537
What is 10011112 (base 3) in base 16?
905
1e2 (base 15) to base 12
305
-4b4 (base 13) to base 14
-42b
174 (base 16) to base 9
453
What is -242243 (base 5) in base 2?
-10001101110001
332151 (base 6) to base 3
1102000111
172 (base 10) to base 16
ac
What is 25451 (base 6) in base 3?
12021111
What is -806 (base 9) in base 13?
-3b4
Convert -2cc3 (base 16) to base 13.
-52a6
What is 1a02 (base 13) in base 4?
330301
Convert 828 (base 10) to base 3.
1010200
-431a (base 16) to base 14
-6390
What is -f7 (base 16) in base 13?
-160
Convert 1133a (base 11) to base 10.
16378
What is 3506 (base 15) in base 8?
25770
-113 (base 13) to base 5
-1220
What is 192d (base 15) in base 8?
12503
3042 (base 6) to base 8
1242
10000011111010 (base 2) to base 8
20372
What is 13340 (base 6) in base 8?
4034
What is 4697 (base 11) in base 3?
22110000
Convert 3185 (base 14) to base 11.
6469
What is 1510 (base 6) in base 4?
12102
Convert -516 (base 8) to base 4.
-11032
What is -3311320 (base 4) in base 7?
-63610
Convert 1220000 (base 3) to base 8.
2541
What is -2de (base 15) in base 11?
-54a
Convert 21051 (base 7) to base 2.
1010000111101
Convert 1212323 (base 4) to base 14.
2587
Convert -7628 (base 11) to base 9.
-14732
132 (base 15) to base 6
1132
Convert -2012101 (base 3) to base 16.
-643
What is 1052 (base 6) in base 11?
206
What is -55b3 (base 13) in base 11?
-8aa8
What is -5525 (base 8) in base 7?
-11313
1001101011 (base 2) to base 8
1153
What is -609 (base 13) in base 6?
-4423
What is -5d4 (base 16) in base 2?
-10111010100
Convert -1012 (base 5) to base 16.
-84
What is -102000220 (base 3) in base 5?
-224133
What is 10d (base 14) in base 3?
21202
What is 130010 (base 4) in base 10?
1796
-1a21 (base 14) to base 9
-6438
-333110 (base 4) to base 16
-fd4
Convert 1667 (base 9) to base 6.
5524
15124 (base 7) to base 13
1b9a
What is 1701 (base 9) in base 5?
20142
-ce (base 15) to base 8
-302
-727 (base 11) to base 3
-1012110
Convert -9ec (base 15) to base 3.
-10002020
-95a (base 14) to base 13
-abb
-466 (base 13) to base 9
-1034
761 (base 13) to base 11
a48
Convert 1326 (base 12) to base 6.
14050
What is -215340 (base 6) in base 15?
-5540
What is -32165 (base 7) in base 9?
-11852
13d4 (base 14) to base 5
103033
13e43 (base 15) to base 11
44069
Convert 26320 (base 9) to base 13.
810c
-122 (base 5) to base 9
-41
Convert 6a9c (base 13) to base 6.
153241
What is -3475 (base 8) in base 14?
-965
11 (base 8) to base 14
9
14258 (base 11) to base 5
1122040
111101101000 (base 2) to base 11
2a66
-1101010101111 (base 2) to base 4
-1222233
What is -103013333 (base 4) in base 2?
-10011000111111111
What is 333441 (base 6) in base 7?
144505
Convert -8f8 (base 16) to base 10.
-2296
Convert 47483 (base 9) to base 11.
21940
What is 2b2 (base 14) in base 6?
2312
5601 (base 10) to base 8
12741
-774 (base 16) to base 7
-5364
-26551 (base 8) to base 14
-4345
Convert 101100110111001 (base 2) to base 11.
16291
-30444 (base 5) to base 8
-3717
Convert 12066 (base 8) to base 10.
5174
What is -2239 (base 13) in base 2?
-1001010101100
What is 22000202 (base 3) in base 15?
1b02
Convert 122211 (base 4) to base 16.
6a5
Convert -1d74 (base 15) to base 6.
-45401
What is 235a (base 13) in base 9?
6738
-ec0 (base 16) to base 8
-7300
What is 42ec (base 16) in base 11?
11965
Convert -105 (base 7) to base 6.
-130
What is 3640 (base 8) in base 6?
13012
Convert -10100010100110 (base 2) to base 15.
-313b
31353 (base 7) to base 3
101121100
Convert 129 (base 12) to base 16.
b1
What is 350 (base 6) in base 10?
138
27009 (base 10) to base 5
1331014
What is 17 (base 10) in base 2?
10001
What is 531 (base 6) in base 9?
241
Convert -1624 (base 12) to base 4.
-220330
What is -1110011000001 (base 2) in base 9?
-11078
-9a23 (base 12) to base 14
-62b9
480 (base 14) to base 16
380
Convert 4184 (base 10) to base 11.
3164
Convert -32122 (base 7) to base 3.
-101220121
What is -14210 (base 6) in base 10?
-2238
10242 (base 7) to base 11
199a
What is 3b7 (base 14) in base 6?
3245
20b4 (base 13) to base 14
1925
6786 (base 10) to base 3
100022100
531 (base 11) to base 16
27f
Convert 1bc0 (base 14) to base 16.
13cc
216 (base 8) to base 13
ac
-2b3 (base 13) to base 14
-268
-16795 (base 14) to base 8
-156077
What is -634 (base 8) in base 16?
-19c
10020 (base 3) to base 11
7a
What is -31221 (base 5) in base 10?
-2061
What is -5166 (base 7) in base 2?
-11100010100
Convert -11223 (base 5) to base 15.
-393
-665 (base 9) to base 13
-32c
What is -3516 (base 8) in base 7?
-5311
11102 (base 4) to base 8
522
What is -25654 (base 7) in base 10?
-6850
Convert 3444 (base 7) to base 15.
58c
Convert -1011110001100100 (base 2) to base 6.
-1011140
Convert 7c1 (base 14) to base 4.
120011
3194 (base 13) to base 10
6881
What is -2926 (base 11) in base 8?
-7303
What is -8646 (base 15) in base 9?
-42873
Convert 20222201 (base 4) to base 14.
cd0d
Convert -3234 (base 8) to base 3.
-2022200
121021 (base 3) to base 7
1165
100101000011 (base 2) to base 11
1866
Convert -11122 (base 11) to base 4.
-3323311
-3223003 (base 4) to base 15
-46cd
Convert -154a3 (base 12) to base 16.
-757b
Convert -62a (base 11) to base 13.
-464
What is 953 (base 14) in base 10?
1837
Convert -3424 (base 5) to base 11.
-405
Convert 7b4 (base 16) to base 6.
13044
Convert 3a1 (base 12) to base 14.
2b7
Convert 756 (base 13) to base 10.
1254
What is -347 (base 10) in base 7?
-1004
1010100001000 (base 2) to base 16
1508
What is -4424 (base 6) in base 8?
-2000
Convert -1750 (base 8) to base 5.
-13000
What is -11011111110010 (base 2) in base 15?
-439c
-32122 (base 4) to base 16
-39a
-1360 (base 12) to base 4
-202320
What is -10540 (base 9) in base 15?
-211c
Convert -20451 (base 9) to base 15.
-3ee7
What is 168 (base 15) in base 12?
22b
Convert -170 (base 11) to base 2.
-11000110
What is 979c (base 13) in base 8?
51135
91 (base 14) to base 13
9a
1101010011001101 (base 2) to base 3
2202201200
What is -4605 (base 14) in base 9?
-17607
-19111 (base 10) to base 11
-133a4
What is 32 (base 16) in base 4?
302
What is 212022 (base 3) in base 11?
522
8232 (base 10) to base 13
3993
What is -a232 (base 11) in base 14?
-4d47
Convert 16e (base 16) to base 14.
1c2
What is 303 (base 16) in base 15?
366
What is 15176 (base 13) in base 14?
1071a
-305350 (base 7) to base 2
-1100110001011110
What is 16427 (base 9) in base 10?
11284
Convert -756 (base 13) to base 12.
-886
What is -b507 (base 12) in base 14?
-7299
26a1 (base 14) to base 3
100100001
-13313 (base 4) to base 5
-4003
What is 20010100 (base 3) in base 9?
6110
-2548 (base 13) to base 12
-3097
Convert 12435 (base 7) to base 12.
1ab9
What is 33 (base 13) in base 3?
1120
Convert 127 (base 8) to base 16.
57
Convert 5b (base 14) to base 7.
144
What is -1649 (base 13) in base 11?
-2505
-22504 (base 6) to base 11
-2457
Convert 86 (base 13) to base 6.
302
What is -368 (base 10)